{"id":220,"date":"2018-06-07T23:52:52","date_gmt":"2018-06-07T21:52:52","guid":{"rendered":"http:\/\/xavd.azurewebsites.net\/?page_id=220"},"modified":"2018-06-30T11:34:55","modified_gmt":"2018-06-30T09:34:55","slug":"notre-societe","status":"publish","type":"page","link":"https:\/\/www.paysagiste-andernos.com\/?page_id=220","title":{"rendered":"Notre soci\u00e9t\u00e9"},"content":{"rendered":"<div class=\"ci-teasertext-home\">\n<h2 style=\"text-align: center;\">Qui sommes-nous ?<\/h2>\n<p style=\"text-align: center;\">Nous sommes les professionnels de la nature et vous offrons les conseils personnalis\u00e9s d\u2019un paysagiste.<br \/>\nAvec vous et en fonction de vos envies le paysagiste embellira et soignera votre jardin ou l\u2019espace vert dont vous disposez.<\/p>\n<\/div>\n<h2><\/h2>\n<h2><\/h2>\n<h3>Pourquoi nous choisir ?<\/h3>\n<p style=\"text-align: justify;\">D&rsquo;lys est une entreprise jeune, dynamique et motiv\u00e9 qui saura vous apporter son exp\u00e9rience en mati\u00e8re de paysagisme.<\/p>\n<p style=\"text-align: justify;\">Nos comp\u00e9tences vous permettront de nous confier l&rsquo;int\u00e9gralit\u00e9 de votre am\u00e9nagement ext\u00e9rieur de jardin \u00e0 une seule et m\u00eame entreprise, alors n&rsquo;attendez plus et venez d\u00e9couvrir nos services !<\/p>\n<p style=\"text-align: justify;\">Nous mettons \u00e9galement un point d&rsquo;honneur \u00e0 satisfaire au mieux les attentes de nos clients en assurant des prestations irr\u00e9prochables et en observant une ponctualit\u00e9 rigoureuse.<\/p>\n<p style=\"text-align: justify;\">D\u00e9velopper et entretenir des relations de confiance reste pour nous une assurance d&rsquo;avenir.<\/p>\n<p><img loading=\"lazy\" decoding=\"async\" class=\"aligncenter size-full wp-image-560\" src=\"\/wp-content\/uploads\/2018\/06\/1.jpg\" alt=\"1\" width=\"657\" height=\"532\" \/><\/p>\n","protected":false},"excerpt":{"rendered":"<p>Qui sommes-nous ? Nous sommes les professionnels de la nature et vous offrons les conseils personnalis\u00e9s d\u2019un paysagiste. Avec vous et en fonction de vos envies le paysagiste embellira et soignera votre jardin ou l\u2019espace vert dont vous disposez. Pourquoi\u2026<\/p>\n","protected":false},"author":1,"featured_media":0,"parent":0,"menu_order":0,"comment_status":"closed","ping_status":"closed","template":"","meta":{"ngg_post_thumbnail":0,"footnotes":""},"class_list":["post-220","page","type-page","status-publish","hentry"],"aioseo_notices":[],"_links":{"self":[{"href":"https:\/\/www.paysagiste-andernos.com\/index.php?rest_route=\/wp\/v2\/pages\/220","targetHints":{"allow":["GET"]}}],"collection":[{"href":"https:\/\/www.paysagiste-andernos.com\/index.php?rest_route=\/wp\/v2\/pages"}],"about":[{"href":"https:\/\/www.paysagiste-andernos.com\/index.php?rest_route=\/wp\/v2\/types\/page"}],"author":[{"embeddable":true,"href":"https:\/\/www.paysagiste-andernos.com\/index.php?rest_route=\/wp\/v2\/users\/1"}],"replies":[{"embeddable":true,"href":"https:\/\/www.paysagiste-andernos.com\/index.php?rest_route=%2Fwp%2Fv2%2Fcomments&post=220"}],"version-history":[{"count":4,"href":"https:\/\/www.paysagiste-andernos.com\/index.php?rest_route=\/wp\/v2\/pages\/220\/revisions"}],"predecessor-version":[{"id":296,"href":"https:\/\/www.paysagiste-andernos.com\/index.php?rest_route=\/wp\/v2\/pages\/220\/revisions\/296"}],"wp:attachment":[{"href":"https:\/\/www.paysagiste-andernos.com\/index.php?rest_route=%2Fwp%2Fv2%2Fmedia&parent=220"}],"curies":[{"name":"wp","href":"https:\/\/api.w.org\/{rel}","templated":true}]}}