{"id":239,"date":"2018-06-08T00:04:33","date_gmt":"2018-06-07T22:04:33","guid":{"rendered":"http:\/\/xavd.azurewebsites.net\/?page_id=239"},"modified":"2022-08-18T16:32:46","modified_gmt":"2022-08-18T14:32:46","slug":"home","status":"publish","type":"page","link":"https:\/\/www.paysagiste-andernos.com\/","title":{"rendered":""},"content":{"rendered":"<div><\/div>\n<h1 class=\"ci-generalfont-chicle ci-cufon\" style=\"color: #4b8000 !important; text-align: center; font-size: 28px;\">Bienvenue sur le site de <b>D&rsquo;Lys Paysages<\/b>, paysagiste \u00e0 Andernos-les-Bains et sur la Gironde.<\/h1>\n<h2 class=\"ci-generalfont-chicle ci-cufon\" style=\"text-align: center;\">Nous sommes ravis de votre passage sur notre site.<\/h2>\n<h3 class=\"ci-generalfont-chicle ci-cufon\" style=\"text-align: center;\">N&rsquo;h\u00e9sitez pas \u00e0 nous contacter.<\/h3>\n<h3 class=\"ci-generalfont-chicle ci-cufon\" style=\"text-align: center;\">Bonne visite !<\/h3>\n<p><a href=\"\/wp-content\/krpano\/krpano.html?xml=..\/uploads\/2013\/05\/dlysdata\/dlys.xml\" target=\"_blank\" rel=\"noopener\"><img loading=\"lazy\" decoding=\"async\" class=\"aligncenter wp-image-453\" src=\"\/wp-content\/uploads\/2013\/05\/panodlys.png\" alt=\"panodlys\" width=\"905\" height=\"227\"><\/a><\/p>\n","protected":false},"excerpt":{"rendered":"<p>Bienvenue sur le site de D&rsquo;Lys Paysages, paysagiste \u00e0 Andernos-les-Bains et sur la Gironde. Nous sommes ravis de votre passage sur notre site. N&rsquo;h\u00e9sitez pas \u00e0 nous contacter. Bonne visite !<\/p>\n","protected":false},"author":1,"featured_media":0,"parent":0,"menu_order":0,"comment_status":"closed","ping_status":"closed","template":"template_homepage.php","meta":{"ngg_post_thumbnail":0,"footnotes":""},"class_list":["post-239","page","type-page","status-publish","hentry"],"aioseo_notices":[],"_links":{"self":[{"href":"https:\/\/www.paysagiste-andernos.com\/index.php?rest_route=\/wp\/v2\/pages\/239","targetHints":{"allow":["GET"]}}],"collection":[{"href":"https:\/\/www.paysagiste-andernos.com\/index.php?rest_route=\/wp\/v2\/pages"}],"about":[{"href":"https:\/\/www.paysagiste-andernos.com\/index.php?rest_route=\/wp\/v2\/types\/page"}],"author":[{"embeddable":true,"href":"https:\/\/www.paysagiste-andernos.com\/index.php?rest_route=\/wp\/v2\/users\/1"}],"replies":[{"embeddable":true,"href":"https:\/\/www.paysagiste-andernos.com\/index.php?rest_route=%2Fwp%2Fv2%2Fcomments&post=239"}],"version-history":[{"count":24,"href":"https:\/\/www.paysagiste-andernos.com\/index.php?rest_route=\/wp\/v2\/pages\/239\/revisions"}],"predecessor-version":[{"id":869,"href":"https:\/\/www.paysagiste-andernos.com\/index.php?rest_route=\/wp\/v2\/pages\/239\/revisions\/869"}],"wp:attachment":[{"href":"https:\/\/www.paysagiste-andernos.com\/index.php?rest_route=%2Fwp%2Fv2%2Fmedia&parent=239"}],"curies":[{"name":"wp","href":"https:\/\/api.w.org\/{rel}","templated":true}]}}