{"id":687,"date":"2018-07-03T14:26:00","date_gmt":"2018-07-03T12:26:00","guid":{"rendered":"http:\/\/xavd.azurewebsites.net\/?page_id=687"},"modified":"2018-07-04T10:59:32","modified_gmt":"2018-07-04T08:59:32","slug":"687-2","status":"publish","type":"page","link":"https:\/\/www.paysagiste-andernos.com\/?page_id=687","title":{"rendered":"Les retenues"},"content":{"rendered":"<p>Nous cr\u00e9ons toutes sortes de : jardins en pallier, retenue de terre ou de sable, contours de massifs sur\u00e9lev\u00e9s, jardini\u00e8res, permet de contenir des terres sur une surface r\u00e9duite. La retenue des r\u00e9pond \u00e0 des besoins multiples&nbsp;: pr\u00e9server les routes et chemins des \u00e9boulements et , structurer une berge.<\/p>\n<p>On trouve des murs de sout\u00e8nement en pierres s\u00e8ches, en moellons, en pierres de taille, en briques, en b\u00e9ton arm\u00e9, en acier, en bois.<\/p>\n<p>&nbsp;<\/p>\n<p>&nbsp;<\/p>\n<p style=\"text-align: justify;\"><a href=\"\/wp-content\/uploads\/2018\/07\/retenue-1.jpg\"><img loading=\"lazy\" decoding=\"async\" class=\"alignnone size-medium wp-image-205\" src=\"\/wp-content\/uploads\/2018\/07\/retenue-1-300x147.jpg\" alt=\"retenue 1\" width=\"300\" height=\"147\"><\/a><\/p>\n<p>&nbsp;<\/p>\n","protected":false},"excerpt":{"rendered":"<p>Nous cr\u00e9ons toutes sortes de : jardins en pallier, retenue de terre ou de sable, contours de massifs sur\u00e9lev\u00e9s, jardini\u00e8res, permet de contenir des terres sur une surface r\u00e9duite. La retenue des r\u00e9pond \u00e0 des besoins multiples&nbsp;: pr\u00e9server les routes\u2026<\/p>\n","protected":false},"author":1,"featured_media":0,"parent":0,"menu_order":0,"comment_status":"closed","ping_status":"closed","template":"","meta":{"ngg_post_thumbnail":0,"footnotes":""},"class_list":["post-687","page","type-page","status-publish","hentry"],"aioseo_notices":[],"_links":{"self":[{"href":"https:\/\/www.paysagiste-andernos.com\/index.php?rest_route=\/wp\/v2\/pages\/687","targetHints":{"allow":["GET"]}}],"collection":[{"href":"https:\/\/www.paysagiste-andernos.com\/index.php?rest_route=\/wp\/v2\/pages"}],"about":[{"href":"https:\/\/www.paysagiste-andernos.com\/index.php?rest_route=\/wp\/v2\/types\/page"}],"author":[{"embeddable":true,"href":"https:\/\/www.paysagiste-andernos.com\/index.php?rest_route=\/wp\/v2\/users\/1"}],"replies":[{"embeddable":true,"href":"https:\/\/www.paysagiste-andernos.com\/index.php?rest_route=%2Fwp%2Fv2%2Fcomments&post=687"}],"version-history":[{"count":14,"href":"https:\/\/www.paysagiste-andernos.com\/index.php?rest_route=\/wp\/v2\/pages\/687\/revisions"}],"predecessor-version":[{"id":847,"href":"https:\/\/www.paysagiste-andernos.com\/index.php?rest_route=\/wp\/v2\/pages\/687\/revisions\/847"}],"wp:attachment":[{"href":"https:\/\/www.paysagiste-andernos.com\/index.php?rest_route=%2Fwp%2Fv2%2Fmedia&parent=687"}],"curies":[{"name":"wp","href":"https:\/\/api.w.org\/{rel}","templated":true}]}}